{"id":3507,"date":"2026-02-27T19:48:32","date_gmt":"2026-02-27T19:48:32","guid":{"rendered":"https:\/\/nutpilot.com\/?post_type=product&#038;p=3507"},"modified":"2026-02-27T19:50:06","modified_gmt":"2026-02-27T19:50:06","slug":"badem-mediteran","status":"publish","type":"product","link":"https:\/\/nutpilot.com\/index.php\/product\/badem-mediteran\/","title":{"rendered":"Badem Mediteran"},"content":{"rendered":"<p>Svojom puno\u0107om i kombinacijom okusa, badem mediteran \u0107e vas ve\u0107 pri prvom zagrizu odvesti na<br \/>\nnajljep\u0161a mjesta Mediterana gdje se raj\u010dica, ru\u017emarin, bosiljak, \u010de\u0161njak, luk i badem sljubljuju u tako<br \/>\nneodoljivu cjelinu i \u010dine na\u0161 Pepitas badem mediteran 1. na listi najomiljenijih Pepitas grickalica!<\/p>\n<p>\uf0b7 Pe\u010den na vru\u0107em zraku, bez ulja<br \/>\n\uf0b7 Bez aditiva, umjetnih bojila, poja\u010diva\u010da okusa<\/p>\n","protected":false},"excerpt":{"rendered":"<p>Svojom puno\u0107om i kombinacijom okusa, badem mediteran \u0107e vas ve\u0107 pri prvom zagrizu odvesti na<br \/>\nnajljep\u0161a mjesta Mediterana.<\/p>\n","protected":false},"featured_media":3509,"comment_status":"open","ping_status":"closed","template":"","meta":[],"product_brand":[],"product_cat":[15],"product_tag":[],"class_list":{"0":"post-3507","1":"product","2":"type-product","3":"status-publish","4":"has-post-thumbnail","6":"product_cat-uncategorized","8":"first","9":"instock","10":"shipping-taxable","11":"purchasable","12":"product-type-simple"},"_links":{"self":[{"href":"https:\/\/nutpilot.com\/index.php\/wp-json\/wp\/v2\/product\/3507","targetHints":{"allow":["GET"]}}],"collection":[{"href":"https:\/\/nutpilot.com\/index.php\/wp-json\/wp\/v2\/product"}],"about":[{"href":"https:\/\/nutpilot.com\/index.php\/wp-json\/wp\/v2\/types\/product"}],"replies":[{"embeddable":true,"href":"https:\/\/nutpilot.com\/index.php\/wp-json\/wp\/v2\/comments?post=3507"}],"wp:featuredmedia":[{"embeddable":true,"href":"https:\/\/nutpilot.com\/index.php\/wp-json\/wp\/v2\/media\/3509"}],"wp:attachment":[{"href":"https:\/\/nutpilot.com\/index.php\/wp-json\/wp\/v2\/media?parent=3507"}],"wp:term":[{"taxonomy":"product_brand","embeddable":true,"href":"https:\/\/nutpilot.com\/index.php\/wp-json\/wp\/v2\/product_brand?post=3507"},{"taxonomy":"product_cat","embeddable":true,"href":"https:\/\/nutpilot.com\/index.php\/wp-json\/wp\/v2\/product_cat?post=3507"},{"taxonomy":"product_tag","embeddable":true,"href":"https:\/\/nutpilot.com\/index.php\/wp-json\/wp\/v2\/product_tag?post=3507"}],"curies":[{"name":"wp","href":"https:\/\/api.w.org\/{rel}","templated":true}]}}